{"id":25,"date":"2025-03-09T11:19:45","date_gmt":"2025-03-09T11:19:45","guid":{"rendered":"https:\/\/iulia.filmzoom.ro\/?page_id=25"},"modified":"2025-03-09T15:45:10","modified_gmt":"2025-03-09T15:45:10","slug":"ce-propunem","status":"publish","type":"page","link":"https:\/\/iulia.filmzoom.ro\/?page_id=25","title":{"rendered":"CE PROPUNEM"},"content":{"rendered":"\t\t<div data-elementor-type=\"wp-page\" data-elementor-id=\"25\" class=\"elementor elementor-25\">\n\t\t\t\t<div class=\"elementor-element elementor-element-d9382af e-grid e-con-boxed e-con e-parent\" data-id=\"d9382af\" data-element_type=\"container\">\n\t\t\t\t\t<div class=\"e-con-inner\">\n\t\t\t\t<div class=\"elementor-element elementor-element-679b8af elementor-widget elementor-widget-image\" data-id=\"679b8af\" data-element_type=\"widget\" data-widget_type=\"image.default\">\n\t\t\t\t<div class=\"elementor-widget-container\">\n\t\t\t\t\t\t\t\t\t\t\t\t\t\t\t<img decoding=\"async\" src=\"https:\/\/iulia.filmzoom.ro\/wp-content\/uploads\/elementor\/thumbs\/pag2_1-r2m27jf0l0w6c128myikxru8as7cbvr27gpdc1uvsg.png\" title=\"pag2_1\" alt=\"pag2_1\" loading=\"lazy\" \/>\t\t\t\t\t\t\t\t\t\t\t\t\t\t\t<\/div>\n\t\t\t\t<\/div>\n\t\t\t\t<div class=\"elementor-element elementor-element-2f9f220 elementor-widget elementor-widget-text-editor\" data-id=\"2f9f220\" data-element_type=\"widget\" data-widget_type=\"text-editor.default\">\n\t\t\t\t<div class=\"elementor-widget-container\">\n\t\t\t\t\t\t\t\t\t<p data-start=\"306\" data-end=\"678\">La <strong data-start=\"309\" data-end=\"335\">Digency<\/strong>, \u00eencepem fiecare proiect prin a \u00een\u021belege profund nevoile \u0219i obiectivele tale. Cre\u0103m strategii de marketing personalizate, bazate pe cercetare \u0219i analize detaliate ale pie\u021bei \u0219i competi\u021biei. Fiecare strategie este adaptat\u0103 contextului t\u0103u specific, astfel \u00eenc\u00e2t s\u0103 \u00ee\u021bi atingem publicul \u021bint\u0103 \u00een mod eficient \u0219i s\u0103 gener\u0103m rezultate m\u0103surabile.<\/p><p data-start=\"680\" data-end=\"694\"><strong data-start=\"680\" data-end=\"693\">Ce oferim<\/strong>:<\/p><ul data-start=\"695\" data-end=\"833\"><li data-start=\"695\" data-end=\"715\">Cercetare de pia\u021b\u0103;<\/li><li data-start=\"716\" data-end=\"739\">Analiz\u0103 a competi\u021biei;<\/li><li data-start=\"740\" data-end=\"795\">Dezvoltarea unei strategii personalizate de marketing;<\/li><li data-start=\"796\" data-end=\"833\">Planuri de campanii \u0219i implementare.<\/li><\/ul>\t\t\t\t\t\t\t\t<\/div>\n\t\t\t\t<\/div>\n\t\t\t\t\t<\/div>\n\t\t\t\t<\/div>\n\t\t\t\t<\/div>\n\t\t","protected":false},"excerpt":{"rendered":"<p>La Digency, \u00eencepem fiecare proiect prin a \u00een\u021belege profund nevoile \u0219i obiectivele tale. Cre\u0103m strategii de marketing personalizate, bazate pe cercetare \u0219i analize detaliate ale pie\u021bei \u0219i competi\u021biei. Fiecare strategie este adaptat\u0103 contextului t\u0103u specific, astfel \u00eenc\u00e2t s\u0103 \u00ee\u021bi atingem publicul \u021bint\u0103 \u00een mod eficient \u0219i s\u0103 gener\u0103m rezultate m\u0103surabile. Ce oferim: Cercetare de pia\u021b\u0103; [&hellip;]<\/p>\n","protected":false},"author":1,"featured_media":0,"parent":0,"menu_order":0,"comment_status":"closed","ping_status":"closed","template":"elementor_header_footer","meta":{"footnotes":""},"class_list":["post-25","page","type-page","status-publish","hentry"],"yoast_head":"<!-- This site is optimized with the Yoast SEO plugin v24.6 - https:\/\/yoast.com\/wordpress\/plugins\/seo\/ -->\n<title>CE PROPUNEM - Digency<\/title>\n<meta name=\"robots\" content=\"index, follow, max-snippet:-1, max-image-preview:large, max-video-preview:-1\" \/>\n<link rel=\"canonical\" href=\"https:\/\/iulia.filmzoom.ro\/?page_id=25\" \/>\n<meta property=\"og:locale\" content=\"en_US\" \/>\n<meta property=\"og:type\" content=\"article\" \/>\n<meta property=\"og:title\" content=\"CE PROPUNEM - Digency\" \/>\n<meta property=\"og:description\" content=\"La Digency, \u00eencepem fiecare proiect prin a \u00een\u021belege profund nevoile \u0219i obiectivele tale. Cre\u0103m strategii de marketing personalizate, bazate pe cercetare \u0219i analize detaliate ale pie\u021bei \u0219i competi\u021biei. Fiecare strategie este adaptat\u0103 contextului t\u0103u specific, astfel \u00eenc\u00e2t s\u0103 \u00ee\u021bi atingem publicul \u021bint\u0103 \u00een mod eficient \u0219i s\u0103 gener\u0103m rezultate m\u0103surabile. Ce oferim: Cercetare de pia\u021b\u0103; [&hellip;]\" \/>\n<meta property=\"og:url\" content=\"https:\/\/iulia.filmzoom.ro\/?page_id=25\" \/>\n<meta property=\"og:site_name\" content=\"Digency\" \/>\n<meta property=\"article:modified_time\" content=\"2025-03-09T15:45:10+00:00\" \/>\n<meta property=\"og:image\" content=\"https:\/\/iulia.filmzoom.ro\/wp-content\/uploads\/elementor\/thumbs\/pag2_1-r2m27jf0l0w6c128myikxru8as7cbvr27gpd24mo74.png\" \/>\n<meta name=\"twitter:card\" content=\"summary_large_image\" \/>\n<meta name=\"twitter:label1\" content=\"Est. reading time\" \/>\n\t<meta name=\"twitter:data1\" content=\"1 minute\" \/>\n<script type=\"application\/ld+json\" class=\"yoast-schema-graph\">{\"@context\":\"https:\/\/schema.org\",\"@graph\":[{\"@type\":\"WebPage\",\"@id\":\"https:\/\/iulia.filmzoom.ro\/?page_id=25\",\"url\":\"https:\/\/iulia.filmzoom.ro\/?page_id=25\",\"name\":\"CE PROPUNEM - Digency\",\"isPartOf\":{\"@id\":\"https:\/\/iulia.filmzoom.ro\/#website\"},\"primaryImageOfPage\":{\"@id\":\"https:\/\/iulia.filmzoom.ro\/?page_id=25#primaryimage\"},\"image\":{\"@id\":\"https:\/\/iulia.filmzoom.ro\/?page_id=25#primaryimage\"},\"thumbnailUrl\":\"https:\/\/iulia.filmzoom.ro\/wp-content\/uploads\/elementor\/thumbs\/pag2_1-r2m27jf0l0w6c128myikxru8as7cbvr27gpd24mo74.png\",\"datePublished\":\"2025-03-09T11:19:45+00:00\",\"dateModified\":\"2025-03-09T15:45:10+00:00\",\"breadcrumb\":{\"@id\":\"https:\/\/iulia.filmzoom.ro\/?page_id=25#breadcrumb\"},\"inLanguage\":\"en-US\",\"potentialAction\":[{\"@type\":\"ReadAction\",\"target\":[\"https:\/\/iulia.filmzoom.ro\/?page_id=25\"]}]},{\"@type\":\"ImageObject\",\"inLanguage\":\"en-US\",\"@id\":\"https:\/\/iulia.filmzoom.ro\/?page_id=25#primaryimage\",\"url\":\"https:\/\/iulia.filmzoom.ro\/wp-content\/uploads\/elementor\/thumbs\/pag2_1-r2m27jf0l0w6c128myikxru8as7cbvr27gpd24mo74.png\",\"contentUrl\":\"https:\/\/iulia.filmzoom.ro\/wp-content\/uploads\/elementor\/thumbs\/pag2_1-r2m27jf0l0w6c128myikxru8as7cbvr27gpd24mo74.png\"},{\"@type\":\"BreadcrumbList\",\"@id\":\"https:\/\/iulia.filmzoom.ro\/?page_id=25#breadcrumb\",\"itemListElement\":[{\"@type\":\"ListItem\",\"position\":1,\"name\":\"Home\",\"item\":\"https:\/\/iulia.filmzoom.ro\/\"},{\"@type\":\"ListItem\",\"position\":2,\"name\":\"CE PROPUNEM\"}]},{\"@type\":\"WebSite\",\"@id\":\"https:\/\/iulia.filmzoom.ro\/#website\",\"url\":\"https:\/\/iulia.filmzoom.ro\/\",\"name\":\"Digency\",\"description\":\"\",\"publisher\":{\"@id\":\"https:\/\/iulia.filmzoom.ro\/#organization\"},\"potentialAction\":[{\"@type\":\"SearchAction\",\"target\":{\"@type\":\"EntryPoint\",\"urlTemplate\":\"https:\/\/iulia.filmzoom.ro\/?s={search_term_string}\"},\"query-input\":{\"@type\":\"PropertyValueSpecification\",\"valueRequired\":true,\"valueName\":\"search_term_string\"}}],\"inLanguage\":\"en-US\"},{\"@type\":\"Organization\",\"@id\":\"https:\/\/iulia.filmzoom.ro\/#organization\",\"name\":\"Digency\",\"url\":\"https:\/\/iulia.filmzoom.ro\/\",\"logo\":{\"@type\":\"ImageObject\",\"inLanguage\":\"en-US\",\"@id\":\"https:\/\/iulia.filmzoom.ro\/#\/schema\/logo\/image\/\",\"url\":\"https:\/\/iulia.filmzoom.ro\/wp-content\/uploads\/2025\/03\/cropped-cropped-Logo-transparent-Digency_site2-1-1.png\",\"contentUrl\":\"https:\/\/iulia.filmzoom.ro\/wp-content\/uploads\/2025\/03\/cropped-cropped-Logo-transparent-Digency_site2-1-1.png\",\"width\":200,\"height\":64,\"caption\":\"Digency\"},\"image\":{\"@id\":\"https:\/\/iulia.filmzoom.ro\/#\/schema\/logo\/image\/\"}}]}<\/script>\n<!-- \/ Yoast SEO plugin. -->","yoast_head_json":{"title":"CE PROPUNEM - Digency","robots":{"index":"index","follow":"follow","max-snippet":"max-snippet:-1","max-image-preview":"max-image-preview:large","max-video-preview":"max-video-preview:-1"},"canonical":"https:\/\/iulia.filmzoom.ro\/?page_id=25","og_locale":"en_US","og_type":"article","og_title":"CE PROPUNEM - Digency","og_description":"La Digency, \u00eencepem fiecare proiect prin a \u00een\u021belege profund nevoile \u0219i obiectivele tale. Cre\u0103m strategii de marketing personalizate, bazate pe cercetare \u0219i analize detaliate ale pie\u021bei \u0219i competi\u021biei. Fiecare strategie este adaptat\u0103 contextului t\u0103u specific, astfel \u00eenc\u00e2t s\u0103 \u00ee\u021bi atingem publicul \u021bint\u0103 \u00een mod eficient \u0219i s\u0103 gener\u0103m rezultate m\u0103surabile. Ce oferim: Cercetare de pia\u021b\u0103; [&hellip;]","og_url":"https:\/\/iulia.filmzoom.ro\/?page_id=25","og_site_name":"Digency","article_modified_time":"2025-03-09T15:45:10+00:00","og_image":[{"url":"https:\/\/iulia.filmzoom.ro\/wp-content\/uploads\/elementor\/thumbs\/pag2_1-r2m27jf0l0w6c128myikxru8as7cbvr27gpd24mo74.png","type":"","width":"","height":""}],"twitter_card":"summary_large_image","twitter_misc":{"Est. reading time":"1 minute"},"schema":{"@context":"https:\/\/schema.org","@graph":[{"@type":"WebPage","@id":"https:\/\/iulia.filmzoom.ro\/?page_id=25","url":"https:\/\/iulia.filmzoom.ro\/?page_id=25","name":"CE PROPUNEM - Digency","isPartOf":{"@id":"https:\/\/iulia.filmzoom.ro\/#website"},"primaryImageOfPage":{"@id":"https:\/\/iulia.filmzoom.ro\/?page_id=25#primaryimage"},"image":{"@id":"https:\/\/iulia.filmzoom.ro\/?page_id=25#primaryimage"},"thumbnailUrl":"https:\/\/iulia.filmzoom.ro\/wp-content\/uploads\/elementor\/thumbs\/pag2_1-r2m27jf0l0w6c128myikxru8as7cbvr27gpd24mo74.png","datePublished":"2025-03-09T11:19:45+00:00","dateModified":"2025-03-09T15:45:10+00:00","breadcrumb":{"@id":"https:\/\/iulia.filmzoom.ro\/?page_id=25#breadcrumb"},"inLanguage":"en-US","potentialAction":[{"@type":"ReadAction","target":["https:\/\/iulia.filmzoom.ro\/?page_id=25"]}]},{"@type":"ImageObject","inLanguage":"en-US","@id":"https:\/\/iulia.filmzoom.ro\/?page_id=25#primaryimage","url":"https:\/\/iulia.filmzoom.ro\/wp-content\/uploads\/elementor\/thumbs\/pag2_1-r2m27jf0l0w6c128myikxru8as7cbvr27gpd24mo74.png","contentUrl":"https:\/\/iulia.filmzoom.ro\/wp-content\/uploads\/elementor\/thumbs\/pag2_1-r2m27jf0l0w6c128myikxru8as7cbvr27gpd24mo74.png"},{"@type":"BreadcrumbList","@id":"https:\/\/iulia.filmzoom.ro\/?page_id=25#breadcrumb","itemListElement":[{"@type":"ListItem","position":1,"name":"Home","item":"https:\/\/iulia.filmzoom.ro\/"},{"@type":"ListItem","position":2,"name":"CE PROPUNEM"}]},{"@type":"WebSite","@id":"https:\/\/iulia.filmzoom.ro\/#website","url":"https:\/\/iulia.filmzoom.ro\/","name":"Digency","description":"","publisher":{"@id":"https:\/\/iulia.filmzoom.ro\/#organization"},"potentialAction":[{"@type":"SearchAction","target":{"@type":"EntryPoint","urlTemplate":"https:\/\/iulia.filmzoom.ro\/?s={search_term_string}"},"query-input":{"@type":"PropertyValueSpecification","valueRequired":true,"valueName":"search_term_string"}}],"inLanguage":"en-US"},{"@type":"Organization","@id":"https:\/\/iulia.filmzoom.ro\/#organization","name":"Digency","url":"https:\/\/iulia.filmzoom.ro\/","logo":{"@type":"ImageObject","inLanguage":"en-US","@id":"https:\/\/iulia.filmzoom.ro\/#\/schema\/logo\/image\/","url":"https:\/\/iulia.filmzoom.ro\/wp-content\/uploads\/2025\/03\/cropped-cropped-Logo-transparent-Digency_site2-1-1.png","contentUrl":"https:\/\/iulia.filmzoom.ro\/wp-content\/uploads\/2025\/03\/cropped-cropped-Logo-transparent-Digency_site2-1-1.png","width":200,"height":64,"caption":"Digency"},"image":{"@id":"https:\/\/iulia.filmzoom.ro\/#\/schema\/logo\/image\/"}}]}},"_links":{"self":[{"href":"https:\/\/iulia.filmzoom.ro\/index.php?rest_route=\/wp\/v2\/pages\/25","targetHints":{"allow":["GET"]}}],"collection":[{"href":"https:\/\/iulia.filmzoom.ro\/index.php?rest_route=\/wp\/v2\/pages"}],"about":[{"href":"https:\/\/iulia.filmzoom.ro\/index.php?rest_route=\/wp\/v2\/types\/page"}],"author":[{"embeddable":true,"href":"https:\/\/iulia.filmzoom.ro\/index.php?rest_route=\/wp\/v2\/users\/1"}],"replies":[{"embeddable":true,"href":"https:\/\/iulia.filmzoom.ro\/index.php?rest_route=%2Fwp%2Fv2%2Fcomments&post=25"}],"version-history":[{"count":7,"href":"https:\/\/iulia.filmzoom.ro\/index.php?rest_route=\/wp\/v2\/pages\/25\/revisions"}],"predecessor-version":[{"id":170,"href":"https:\/\/iulia.filmzoom.ro\/index.php?rest_route=\/wp\/v2\/pages\/25\/revisions\/170"}],"wp:attachment":[{"href":"https:\/\/iulia.filmzoom.ro\/index.php?rest_route=%2Fwp%2Fv2%2Fmedia&parent=25"}],"curies":[{"name":"wp","href":"https:\/\/api.w.org\/{rel}","templated":true}]}}